 the prime factors of s?
3, 7
Let t(o) = -o**3 + 4*o**2 + 7*o - 5. Let g be (-3)/((-5)/(-2) + -4). Suppose g*i + d = 8, -2*i - 2*d = 2 - 8. List the prime factors of t(i).
5
Suppose 8*b = -2*b + 3380. What are the prime factors of b?
2, 13
Suppose -4671 = -15*u + 3609. List the prime factors of u.
2, 3, 23
Let o(m) = m**3 + 5*m**2 - 4*m + 6. Let t be o(-6). Let d = t - -6. Suppose d = -w + h + 2 + 2, -14 = -2*w - h. What are the prime factors of w?
2, 3
List the prime factors of 575 + -20*5/(-20).
2, 5, 29
List the prime factors of (-59787)/42*(-16)/6.
2, 13, 73
Suppose 3*a - 54 = 5*c, -5*c - 3*a - 18 = -4*c. Let v be (-44)/c*(5 + -2). Let y = v - -2. List the prime factors of y.
13
Let u = 1702 - 722. List the prime factors of u.
2, 5, 7
Let g(z) = z + 14. List the prime factors of g(2).
2
Suppose -3*f + 17 = 2*l, -4*l - 4*f = -2*f - 14. Let h be (-7 + 4 - 13) + l. Let z = h - -54. What are the prime factors of z?
3, 13
Let f(u) = 282*u**3 - 231*u**3 + u**2 + 2*u + 3 - 5. List the prime factors of f(1).
2, 13
Let j be (3 + -4)*0/(-4). Suppose 4*r - 2*w + 5*w - 177 = j, -219 = -5*r - 3*w. What are the prime factors of r?
2, 3, 7
Suppose 3*b - z - 3 - 7 = 0, -5*b + 4*z = -12. What are the prime factors of 6 - b - 3 - -6?
5
Let f(p) = p**3 - 15*p**2 + 24*p + 30. Let g be f(13). What are the prime factors of 516/6 + g + -3?
3, 29
List the prime factors of 20/(5/4*10/25).
2, 5
Let o(w) = 2*w**2 - 3*w. Let z = -8 - -11. Suppose z*x + 8 = -c, -38 + 6 = -4*c + 4*x. List the prime factors of o(c).
2, 5
Let c = 46 + 660. List the prime factors of c.
2, 353
What are the prime factors of ((-40052)/8)/(-17)*2?
19, 31
Suppose s + w = 420, 3*s + 13*w = 8*w + 1258. List the prime factors of s.
421
Let y(v) = v - 3 - 6*v + v + v. Let s be y(-5). Suppose 0 = u - r, -s = -5*u + r + r. List the prime factors of u.
2
Let z be 0 + -3 - (0 + -6). Suppose -z*u + 28 = 2*y - 104, -u = -5*y - 61. Suppose -5*t + u = 6. List the prime factors of t.
2
Let p be ((-1)/(-2))/((-2)/(-76)). Let n = 5 - p. Let w(y) = -y**3 - 14*y**2 - 3*y - 18. What are the prime factors of w(n)?
2, 3
Let w = -70 - -70. Suppose 0 = 3*u + 2*h - 126, w = u + u - 4*h - 100. What are the prime factors of u?
2, 11
Suppose 4*w = 7*w - 5*c - 357, 0 = -w + 5*c + 109. Let q = w - 82. What are the prime factors of q?
2, 3, 7
Suppose -38024 = -22*f - 6*f. What are the prime factors of f?
2, 7, 97
Suppose -4*c = -v + 3*v - 2208, 4*v - 3*c - 4372 = 0. What are the prime factors of v?
2, 137
List the prime factors of (-144*1)/((-1)/3).
2, 3
Suppose -6*w - w + 35 = 0. Suppose -3*k - 358 = -w*q - 6*k, 354 = 5*q - k. What are the prime factors of q?
71
Suppose 3*f - 10 = -2*j, -j + f + f = -5. Suppose 47 = j*c - 43. Suppose 0 = 3*v - c + 3. What are the prime factors of v?
5
Let l(u) = 7*u - 80. List the prime factors of l(12).
2
Let t(v) = 15*v - 1. Suppose -2*k + 9 = -4*z - 15, 0 = 3*k - 5*z - 37. Let i = -13 + k. What are the prime factors of t(i)?
2, 7
Let j = -4 - 3. Let h be -14*(28/8)/j. Suppose -g + 3 = -2*a - 1, 2*g - 5*a = h. What are the prime factors of g?
2, 3
Let v(f) = -f**3 - 12*f**2 + 4*f + 19. Let c be v(-13). Let a = -107 + c. What are the prime factors of a?
29
Let q = -585 - -4471. List the prime factors of q.
2, 29, 67
Let w be ((-660)/18)/((-3)/27). Suppose -4*h = 4*m - w + 106, 4*h - 224 = -3*m. What are the prime factors of h?
2, 7
Suppose 7*v - 3415 = -4*x, -4256 = -8*x + 3*x + 4*v. List the prime factors of x.
2, 3, 71
Suppose 3*c - 1 - 8 = 0. Suppose -2*q + c = -3. Suppose q*j - 8 = -2. List the prime factors of j.
2
Let k be 2/2*-1 + 5. Suppose -62 = -k*x + 2*x. What are the prime factors of x?
31
Let k(w) = w + 30. Let h be k(-12). Let u = 29 + h. List the prime factors of u.
47
Suppose 3*q + 4*v = 2387, 1305 = q - 3*v + 492. Suppose 9*f - q = 9. What are the prime factors of f?
2, 3, 5
List the prime factors of 51/119 - 2290/(-14).
2, 41
Let f = 143 + -71. Suppose 198 = 2*p - f. What are the prime factors of p?
3, 5
Suppose 5*o - 10 = 0, 2 = z - 4*z + 4*o. Let w = 16 + z. List the prime factors of w.
2, 3
Suppose -96 = 4*a - 476. Suppose -a = -4*u - 3*o, 3*u - 3*o = 23 + 22. List the prime factors of u.
2, 5
Suppose f = -2*j + 744 + 379, 5601 = 5*f - 4*j. What are the prime factors of f?
19, 59
Let f = -21 - -20. What are the prime factors of -2 - 1 - 71*f?
2, 17
Suppose 46 = 4*w + 5*m, -5*w + 1 = -6*w + 5*m. Let d = 29 + w. List the prime factors of d.
2, 19
Let m(s) = -62*s - 2. Let j be m(-1). Suppose 2*p - 140 = -3*c, -300 = -5*p - 5*c + j. List the prime factors of p.
2, 19
Let d = -41 + 8. Let p = 86 - d. What are the prime factors of p?
7, 17
Suppose -5*u - 38 + 303 = 0. Let z = u - 19. List the prime factors of z.
2, 17
List the prime factors of 40/(-15) + 532/6.
2, 43
Let b(s) be the second derivative of s**4/12 - 8*s**3/3 - 15*s**2/2 + 14*s. What are the prime factors of b(17)?
2
Suppose -4*d - 2246 + 8006 = 0. What are the prime factors of d?
2, 3, 5
Let o be (5 + 3 - 12) + 1 + 54. Suppose 97 = i + o. What are the prime factors of i?
2, 23
Suppose 0 = 717*v - 737*v + 5320. List the prime factors of v.
2, 7, 19
Let q(b) = b**2 + 5*b - 3. Let f(x) = -5 + 5 + 5 - 4. Let o(c) = -f(c) + q(c). List the prime factors of o(-7).
2, 5
Suppose 3*f = 6, -4*f = 2*k + k - 728. Let q = 452 - k. List the prime factors of q.
2, 53
Suppose t + 36 = -0*t. Let a be t/(-5) - 3/15. Let m = 16 - a. List the prime factors of m.
3
Let p(v) = 6*v - 12. Let l be p(6). Let n = l - 22. Let u(s) = 15*s - 1. List the prime factors of u(n).
29
List the prime factors of 6 - (-23450)/12 - 5/30.
2, 5, 7
What are the prime factors of -2*(-2)/(-4) - 9010/(-17)?
23
Let o(l) = -l**3 + 9*l**2 - l - 13. Let h be 1*(-4)/8*-12. List the prime factors of o(h).
89
Suppose 0 = j + 3*g, -j + 0*g = 4*g - 3. Suppose q - 3*q = -24. Let c = q + j. What are the prime factors of c?
3
Let j = 80 + -35. Suppose -d + m + 98 + j = 0, 5*d - 709 = 3*m. What are the prime factors of d/21*(-18)/(-5)?
2, 3
Suppose -17*n - 12 = -11*n. What are the prime factors of ((-110)/n)/((-1)/(-2))?
2, 5, 11
Suppose -17 - 4 = -z. What are the prime factors of (-2 - (-1 - -1)) + z?
19
Suppose -7*u + 4*u + 129 = 0. Suppose 41 + u = 4*m. Suppose -4*k - 16 = 0, m = t - 5*k - 42. What are the prime factors of t?
43
Suppose b + 0*b + 2*k = 335, 4*b = -k + 1312. What are the prime factors of b?
3, 109
Let a(q) = -81*q + 9. Let u be a(12). Suppose 6*f = v + 2*f + 33, 5*v - f = -165. List the prime factors of 6/v - u/33.
29
Let q = 22 + -26. List the prime factors of (-6)/q*(-470)/(-15).
47
Suppose -259 = -y + 4*f, 4*f - 16 - 4 = 0. What are the prime factors of y?
3, 31
Let g(x) be the first derivative of x**5/60 - x**4/2 + 4*x**3/3 + 3*x**2/2 - 6. Let u(r) be the second derivative of g(r). List the prime factors of u(12).
2
Suppose -2*r + 82 = 3*x + 5, r = -3*x + 79. Let w be 24/12 + -1 + x. Let o = w + -19. What are the prime factors of o?
3
Suppose -912 = 48*g - 56*g. What are the prime factors of g?
2, 3, 19
Let n = -135 + 173. What are the prime factors of n?
2, 19
Suppose 243*u - 242*u - 409 = 0. List the prime factors of u.
409
Let y(k) = 4*k. Let t = -5 + 7. Suppose -t*f - 5 = -7*f. What are the prime factors of y(f)?
2
Suppose -8*x + 281 = b - 6*x, -3*b + 825 = -3*x. List the prime factors of b.
277
Let w(n) = -n - 1. Let j be w(-9). Let l(b) = -b**3 + 8*b**2 + 6*b - 17. List the prime factors of l(j).
31
Let t be -4 + (-1)/2*62. Let c be 3/5 + (-49)/t. Suppose -c*u - 31 = -105. What are the prime factors of u?
37
Suppose -3160*y = -3157*y - 5247. What are the prime factors of y?
3, 11, 53
Suppose -3*a = a - 40. Let g be (-5)/(a/(-12)) - 3. Suppose 0 = -m - 4*m - 5*j + 80, 0 = g*m + j - 56. What are the prime factors of m?
2, 5
Suppose 0 = 7*h - 10*h - 96. What are the prime factors of h/96 - 334/(-3)?
3, 37
Let n be 424/(-36) + 2/(-9). Let v be ((-17)/(-3))/((-1)/(-3)). Let d = v + n. What are the prime factors of d?
5
List the prime factors of 1/((8/(-140)*5)/(-738)).
3, 7, 41
Let d(o) = -o**3 + 17*o**2 - 6*o + 194. List the prime factors of d(17).
2, 23
Suppose -w = -5*l + 10, -w - l + 2 = -4*w. Let z(d) = -d**2 + 2*d + 173. Let m be z(w). What are the prime factors of m/7 - (-8)/28?
5
Let x(c) = -2*c + 179*c**3 - 178*c**3 + 3*c. What